et u(c) be the second derivative of -2*c - 2*c**h + 0 + 1/6*c**3. Determine u(5).
1
Suppose 3*n - 3 = -g + 2*g, n = 5*g - 27. Suppose -3*d + g = 3. Let p(u) = -2*u**2 + 2*u - 1. Calculate p(d).
-1
Let c(b) = 2*b**2 - 2. Let o be (4/(-6))/((-4)/12). Let x(m) = -m**3 + 3*m**2 - 2*m - 2. Let u be x(o). What is c(u)?
6
Suppose -3*b = 4*c - 0*c + 12, -3*c - 9 = 3*b. Let y be 14/(-2 + 4 - b). Let r(k) = 7*k**2 + 3 + 4 + 2*k**3 + y*k - k**3. Give r(-6).
1
Let j(a) = -15 + 10 - a + 13. Determine j(4).
4
Let h = -4 + 8. Suppose 0 = -h*c + 12 - 4. Let n(k) = k + 5*k + 5 - k**c - k. Determine n(6).
-1
Let k(i) = 8*i + 1. Suppose -9*w + 7 = -2*w. Calculate k(w).
9
Let k be 5 + (-4)/(-2 + 6) + -8. Let s(v) = v**3 + 6*v**2 + 2*v - 2. Give s(k).
22
Suppose 2*v = -4*z + 6, -4*v + 6*v + 5*z = 5. Let d(k) = 3*k + 12. Let g(b) = b + 6. Let q(u) = 3*d(u) - 7*g(u). What is q(v)?
4
Let t(l) be the third derivative of 0*l + 4*l**2 - 7/3*l**3 + 0 + 1/24*l**4. Let k be t(10). Let q(m) = m**2 + 5*m - 2. Determine q(k).
-6
Let f = -2 - -14. Let k = 9 - f. Let a(j) = -j**2 + 4. What is a(k)?
-5
Let p = 9 - 4. Suppose 18 = 4*r - b, 0 = p*r + 3*b + 10 - 24. Suppose 0*c - 20 = -r*c. Let x(s) = -3*s + 6. Give x(c).
-9
Let c(k) = k**2 - 1. Let x(b) = b**3 - 4*b**2 - 2. Let a(h) = -2*c(h) - x(h). Calculate a(3).
-5
Let i(j) = j + 4. Let r(t) = -t - 5. Let b(u) = 4*i(u) + 3*r(u). Suppose -8*p = 1 - 9. What is b(p)?
2
Let y(a) = -a**2 + 4. Let i be (-2)/5 - 85/(-25). Determine y(i).
-5
Let i(u) = u + 3. Let x(b) = -2. Let o(q) = i(q) + 5*x(q). Give o(6).
-1
Let r be 1/(-5) - (-684)/45. Suppose -2*v = v - r. Suppose -3*k = 2*k + v. Let o(h) = h - 1. What is o(k)?
-2
Let p(n) = -n - 3. Let z be p(-8). Suppose -30*v + z = -35*v. Let j(i) = 5*i**2 + 1. What is j(v)?
6
Let y = 4 + 1. Let t(s) = y*s - 5*s + 5*s. What is t(1)?
5
Let g(k) = 2*k - 1. Suppose 6*c - 2*c = 2*y - 6, -y = -5*c - 12. Let m(v) = -v + 1. Let x(t) = c*m(t) - 2*g(t). Calculate x(-5).
4
Let x(f) = 2*f + 1. Let k be (-4)/(-14) + 12/7. Let p = k - 0. Determine x(p).
5
Let k(m) = 24*m**3 + 7*m**2 - 25*m**3 + 9*m - 5 + 7. Give k(8).
10
Suppose -3*u + 4*g - 2 = 0, 2*u - 4*u + 3*g = 0. Let v(x) = 2*x + 6. Determine v(u).
-6
Let q(d) = -d + 7. Let g be (1/(-2))/(2/4) - -11. Determine q(g).
-3
Let i(j) = 2*j**2 + 2*j + 6. Let y(b) = -9*b**2 - 9*b - 26. Let a(t) = 26*i(t) + 6*y(t). Calculate a(-2).
-4
Let j(q) = -3*q - 3. Let c(h) = -7*h - 7. Let m(p) = -4*c(p) + 9*j(p). Give m(1).
2
Let j(d) = 0*d**3 - 3*d + 6*d**2 + 8 - d**3 + d. Suppose 0*r = 4*r - 24. Determine j(r).
-4
Let j(l) = l + 7. Let b be (-21)/(-3)*(2 + -3)*1. Give j(b).
0
Let o(s) be the third derivative of -s**6/120 - s**5/20 + s**4/8 - s**3/3 - s**2. Suppose -5*x + 8 = -x. Let f = -6 + x. Calculate o(f).
2
Let g = 2 + -2. Suppose -13 = -t - g. Let s(b) = 18*b**2 - b - b**3 + 0*b - t*b**2 - 2. Give s(4).
10
Let y(f) = 4*f - 35. Let t be y(9). Let z(k) = 7*k - 1. What is z(t)?
6
Let w be (-2)/(-7) - 864/(-63). Suppose -w = -4*f + 2. Let h(a) = -a**3 + 4*a**2 + 2*a. Calculate h(f).
8
Let l(z) = z**2 - 40*z + 47*z + 1 + 6. Calculate l(-5).
-3
Let o(n) = -1 + 2*n - 8*n + 4*n. Give o(4).
-9
Let v = -2 - -4. Let h(f) = 1 - 8 - 2*f**v + 5*f + 5. Let t = -10 - -13. What is h(t)?
-5
Suppose -2*n = 4*v - 30, n - 20 = -4*v + v. Suppose 0*m - v = 5*m. Let c(o) = 5*o**2 - o. Let i be c(m). Let g(b) = b**3 - 6*b**2 - b + 2. Calculate g(i).
-4
Let s(b) = 7*b + 9. Let h(c) = 4*c + 5. Let j(p) = -11*h(p) + 6*s(p). Give j(-2).
3
Let o(a) = -a**3 + a**2 + a + 4. Let g be (-6)/15 - 13/5. Let q(i) = i**2 + 4*i + 2. Let d be q(g). Let s(m) = m**3 + 2*m**2 - 1. Let r be s(d). What is o(r)?
4
Let w(b) = -b**2 - 4*b + 1. Suppose 28 = -3*g + 5*h - 4, -4*h = -16. Give w(g).
1
Let i(d) be the first derivative of d**7/840 - d**6/180 - d**5/120 + d**4/12 - 2*d**3/3 + 3. Let w(z) be the third derivative of i(z). What is w(2)?
0
Let k(w) = 2*w**2. Let c be k(1). Let g(z) = -z**2 + 2*z - 2. Determine g(c).
-2
Let y(x) be the second derivative of 0 + 1/2*x**3 + 0*x**2 + 2*x. What is y(-1)?
-3
Let j(k) = -k**2 + 5*k - 3. Suppose -3*n - 8 - 1 = -v, -5*n - 11 = -v. What is j(v)?
-9
Let v(b) be the second derivative of -1/24*b**4 - 1/120*b**6 - 1/120*b**5 - 2*b + 0 + 0*b**2 + 1/6*b**3. Let i(z) be the second derivative of v(z). Give i(-1).
-3
Let c(k) = 5*k**2 - 8*k + 1. Let a(q) be the first derivative of -4*q**3/3 + 7*q**2/2 - 2*q - 8. Let l = 7 + -5. Let s(x) = l*c(x) + 3*a(x). Give s(3).
-7
Let q(j) = j**2 - 15 + j**2 + 16 + 4*j. Let n(h) = -h**2 - h. Let v(w) = 4*n(w) + q(w). What is v(-1)?
-1
Let y(b) be the first derivative of b**3/3 + 5*b**2/2 - 4*b + 2. Suppose 2*n = -5*t - 20 + 3, 4*n = -5*t - 9. Suppose -2*w - 6 - n = 0. Give y(w).
-4
Let i(n) = -n**3 - 5*n**2 - 5*n - 2. Let g be (-24)/(-9) + 4/(-6). Let h(p) = 2*p**3 - 3*p**3 + 0*p**3 - p - 4 + 2*p**g - p**2. Let j be h(0). Determine i(j).
2
Let s(j) = -j**2 - j - 1. Let a(k) = 3*k**2 + 8*k + 4. Let f(n) = a(n) + 4*s(n). Suppose -3*d + 3 = -6. Give f(d).
3
Suppose 9 = 5*u - 16. Let w(j) = 3 - u*j + j - 4 + j**2. Give w(5).
4
Suppose y + 12 = 4*m, 2*m + 2*y = -3*y + 28. Suppose 0 = -2*w, 0 = 2*f + 4*w - 6 - m. Let g(b) = -b**3 + 6*b**2 - 4*b - 4. Determine g(f).
1
Let b be (-3)/12 - (-1)/4. Suppose 0 = -5*m - h + 3*h + 28, b = 4*m + 4*h. Let w(d) = -d**2 + 5*d - 2. Determine w(m).
2
Suppose -3 = t - 5. Let d(x) = x**3 - 6*x + 4*x**2 - 3*x**2 + t*x**2 - 4. Give d(-4).
4
Let q(y) = 4*y + 4. Let t(v) = 3*v + 12. Let w be t(-5). Give q(w).
-8
Suppose -4*i + 3 = h, 4*i - 22 = 3*i + 4*h. Let n(p) = 0*p - p**i - 2 - 2*p + 0*p**2. Give n(-3).
-5
Let q(m) = 1 + m + 0 + 2 - 6. Determine q(-4).
-7
Suppose 6*s - 25 = s. Let z(l) = l**2 - 6*l + 3. Give z(s).
-2
Let s(f) = -f**3 - 4*f**2 + 6*f. Suppose 3*t + 11 = -4. What is s(t)?
-5
Let k(i) = i**2 + 4*i - 5. Let m be k(-6). Let h(s) be the first derivative of -s**2/2 + 4*s + 1. Give h(m).
-3
Let y = 36 - 38. Let k(i) be the third derivative of -i**7/2520 - i**6/720 + i**5/60 + i**4/24 - i**2. Let b(z) be the second derivative of k(z). Give b(y).
0
Let i(s) = 5*s**2 - 2*s + 7. Let c = 1 + 5. Let p(j) = 0 - 6*j**2 - 7 + 0*j**2 + 3*j. Let t(x) = c*p(x) + 7*i(x). Give t(5).
2
Suppose 0 = -3*q - 4*q + 7. Let t(s) = 5*s**2. What is t(q)?
5
Suppose -d - 13 = 4*m, 3*m + 41 = 5*d - 9. Let v be (3 - 0)/(d + -6). Let j(p) = -3*p + 2. Give j(v).
-7
Let r(s) = s. Let v(m) = 8*m**2 + 1. Let h(n) = 2*r(n) + v(n). Let o(z) = -24*z**2 - 6*z - 3. Let f(k) = -7*h(k) - 2*o(k). Determine f(-1).
-7
Let y(s) = s**3 + 4*s**2 - 5*s - 1. Let h(b) = -16*b**3 + 2*b**2 + 2*b + 1. Let t be h(-1). Let z = t - 7. Suppose -x - x = z. Calculate y(x).
-1
Let d(c) = -14*c + 0 + 0 - 1 - 7*c. What is d(-1)?
20
Let m(f) = -26*f + 14. Let z(y) = -5*y + 3. Let g be -2 - (-1)/(1/13). Let c(a) = g*z(a) - 2*m(a). Determine c(5).
-10
Let l(s) = -s**2 - 5*s - 5*s + 5*s + 939 + s**3 - 935. Calculate l(3).
7
Let c = 7 - 5. Let a(q) be the second derivative of -q**4/3 + 3*q**3/2 - q**2/2 - q. Let g(b) = 2*b**2 - 4*b. Let i(n) = 2*a(n) + 5*g(n). Give i(c).
2
Let h(u) = 24 - 12 - 12 - 2*u. What is h(-6)?
12
Let r(m) = -5 + 5*m**2 - 2*m + 5 + 1 - m**3. What is r(2)?
9
Suppose 2*s = 4*v + 22, -3*s + s - 13 = 3*v. Let g(w) = -w - 4. Give g(v).
1
Suppose -2*h - 8 = -f, 5*h + f + 9 = -11. Let t(v) = 0*v + 3*v + 0*v - v. Calculate t(h).
-8
Let p(c) be the second derivative of -c**4/12 + 5*c**3/3 - 4*c**2 + 2*c. Determine p(9).
1
Let d(x) = -x + 8. Let l = 11 - 9. Let f = 8 - l. Calculate d(f).
2
Let u(i) = 6*i**3 + 10*i**2 + 4*i - 3. Let x = -10 - -5. Let n(b) = -5*b**3 - 9*b**2 - 4*b + 2. Let z(j) = x*n(j) - 4*u(j). Give z(-4).
2
Let b(z) = 4 + z**3 + z**3 - 3*z**3 + z - 5*z**2 + 4*z**2. Determine b(0).
4
Let w(v) = -v**3 + 4*v**2 - v - 4. Let z be w(3). Let x(r) = r - 3. Let l be x(z). Let j(i) = -5 - 6*i - 12 + 17. What is j(l)?
6
Let a(y) = -y**2 - 6*y + 2. Let s be a(-6). Let j(p) = -1 + s*p**2 - p + 7*p**2 - 8*p**2. Calculate j(2).
1
Let l(b) = -b - 3. Suppose -p = 9*p - 50. Give l(p).
-8
Let s(m) be the third derivative of -m**4/12 - m**3 - 13*m**2. What is s(-5)?
4
Let g(f) = f**3 + 4*f**2 - f - 3. Suppose 2*h = 4*r - 14, -6*r - 16 = 4*h - 2*r. Let y(j) = j**2 + 5*j - 5. Let u be y(-6). Let k = h + u. What is g(k)?
1
Let h(s) be the second 